{"id":403,"date":"2019-07-20T17:55:45","date_gmt":"2019-07-20T15:55:45","guid":{"rendered":"https:\/\/naszerelacje.pl\/?page_id=403"},"modified":"2023-05-20T11:28:13","modified_gmt":"2023-05-20T09:28:13","slug":"polityka-prywatnosci-i-plikow-cookies","status":"publish","type":"page","link":"https:\/\/naszerelacje.pl\/index.php\/polityka-prywatnosci-i-plikow-cookies\/","title":{"rendered":"Polityka prywatno\u015bci i plik\u00f3w cookies"},"content":{"rendered":"<div class=\"editorialPageIntro\">\n<div class=\"module pageIntro \">\n<div class=\"wrapper\">\n<div class=\"wrapperInner clearfix\">\n<div class=\"gs deskTwoQuarters tabTwoThirds pageIntroContent\">\n<div class=\"pageIntroLead\">\n<p style=\"text-align: justify;\">Niniejszy dokument okre\u015bla sposoby, w jakie:<\/p>\n<ul style=\"text-align: justify;\">\n<li>przetwarzam Twoje dane osobowe<\/li>\n<li>u\u017cywam plik\u00f3w cookies<\/li>\n<\/ul>\n<p style=\"text-align: justify;\">w zwi\u0105zku z korzystaniem przez Ciebie ze strony internetowej NaszeRelacje.pl.<\/p>\n<p style=\"text-align: justify;\">Administratorem strony internetowej NaszeRelacje.pl jest Centrum Rozwoju &#8222;Nasze Relacje&#8221; Sp. z o.o.. W razie jakichkolwiek pyta\u0144 dotycz\u0105cych niniejszego dokumentu lub przetwarzania danych osobowych w zwi\u0105zku z korzystaniem ze strony NaszeRelacje.pl, mo\u017cesz skontaktowa\u0107 si\u0119 pod adresem e-mail: kontakt@naszerelacje.pl.<\/p>\n<p style=\"text-align: justify;\">Chc\u0119 Ci\u0119 zapewni\u0107, \u017ce dbamy o Twoj\u0105 prywatno\u015b\u0107.<\/p>\n<h3>Twoje dane osobowe<\/h3>\n<\/div>\n<p style=\"text-align: justify;\">Przekazujesz mi Twoje dane osobowe, gdy si\u0119 z nami kontaktujesz poprzez email, gdy zostawiasz komentarz na blogu, gdy zapisujesz si\u0119 na newsletter. Zgodnie z RODO, przys\u0142uguj\u0105 Ci nast\u0119puj\u0105ce uprawnienia zwi\u0105zane z przetwarzaniem Twoich danych osobowych:<\/p>\n<ul style=\"text-align: justify;\">\n<li>prawo dost\u0119pu do danych osobowych<\/li>\n<li>prawo do usuni\u0119cia danych osobowych<\/li>\n<li>prawo do sprostowania danych osobowych<\/li>\n<li>prawo do wniesienia sprzeciwu co do przetwarzania danych osobowych<\/li>\n<li>prawo do ograniczenia przetwarzania danych osobowych<\/li>\n<li>prawo do przenoszenia danych<\/li>\n<li>prawo do odwo\u0142ania zgody na przetwarzanie danych osobowych<\/li>\n<li>prawo do wniesienia skargi do organu nadzorczego<\/li>\n<\/ul>\n<\/div>\n<\/div>\n<\/div>\n<\/div>\n<\/div>\n<p style=\"text-align: justify;\">W niniejszej polityce postaram si\u0119 mo\u017cliwie szczeg\u00f3\u0142owo opisa\u0107 przetwarzanie danych osobowych, ale w ka\u017cdej chwili mo\u017cesz do mnie napisa\u0107 na adres kontakt@naszerelacje.pl z wnioskiem o udost\u0119pnienie Ci informacji o tym, jakie Twoje dane osobowe przechowuj\u0119 i w jakim celu je przetwarzam.<\/p>\n<h3>Odbiorcy Twoich danych osobowych<\/h3>\n<p style=\"text-align: justify;\">Poni\u017cej przedstawiam Ci list\u0119 podmiot\u00f3w, z kt\u00f3rych us\u0142ug korzystam przy przetwarzaniu Twoich danych osobowych:<\/p>\n<ul style=\"text-align: justify;\">\n<li>Zenbox Sp. z o.o. &#8211; w celu przechowywania danych na serwerze oraz skrzynce e-mail<\/li>\n<li>UAB &#8222;MailerLite&#8221; &#8211; w celu przetwarzania Twoich danych w ramach wykorzystywania funkcjonalno\u015bci newsletter<\/li>\n<\/ul>\n<p style=\"text-align: justify;\">Powy\u017csze podmioty, kt\u00f3re przetwarzaj\u0105 na moje zlecenie Twoje dane osobowe, gwarantuj\u0105 stosowanie wymaganych przez przepisy prawa \u015brodk\u00f3w ochrony i bezpiecze\u0144stwa danych osobowych.<\/p>\n<h3>Cele przetwarzania danych<\/h3>\n<ul>\n<li style=\"text-align: justify;\">Newsletter &#8211; zapisuj\u0105c si\u0119 poprzez formularz do newslettera, przekazujesz nam sw\u00f3j adres e-mail oraz imi\u0119. Podanie danych jest dobrowolne, ale niezb\u0119dne, by zapisa\u0107 si\u0119 do newslettera.\n<div>Dane przekazane podczas zapisu do newslettera wykorzystywane s\u0105 w celu przesy\u0142ania Ci newslettera, a podstaw\u0105 prawn\u0105 ich przetwarzania jest Twoja zgoda.<\/div>\n<div>Dane b\u0119d\u0105 przetwarzane przez czas funkcjonowania newslettera lub do momentu, w kt\u00f3rym zrezygnujesz z jego otrzymywania. Rezygnacja z otrzymywania newslettera nie spowoduje usuni\u0119cia Twoich danych, kt\u00f3re b\u0119d\u0105 przechowywane w celu obrony przed ewentualnymi roszczeniami zwi\u0105zanymi z przesy\u0142aniem newslettera, w szczeg\u00f3lno\u015bci na potrzeby wykazania udzielenia przez Ciebie zgody na otrzymywani newsletter, co stanowi m\u00f3j uzasadniony interes. W dowolnej\u00a0chwili mo\u017cesz sprostowa\u0107 swoje dane zapisane w bazie newslettera. Przys\u0142uguje Ci r\u00f3wnie\u017c prawo do przenoszenia danych.<\/div>\n<\/li>\n<li style=\"text-align: justify;\">\n<div>Kontakt &#8211; wysy\u0142aj\u0105c do mnie e-mail, jednocze\u015bnie przekazujesz nam sw\u00f3j adres e-mail jako adres nadawcy. Ponadto, tre\u015b\u0107 wiadomo\u015bci mo\u017ce zawiera\u0107 inne dane osobowe. Twoje dane s\u0105 w tym przypadku przetwarzane w celu kontaktu z Tob\u0105, a podstaw\u0105 przetwarzania jest Twoja zgoda wynikaj\u0105ce z zainicjowania kontaktu. Podstaw\u0105 prawn\u0105 przetwarzania po zako\u0144czeniu kontaktu jest usprawiedliwiony cel w postaci archiwizacji korespondencji na potrzeby wykazania jej przebiegu w przysz\u0142o\u015bci. Nie jeste\u015bmy w stanie jednoznacznie okre\u015bli\u0107, kiedy Tw\u00f3j email zostanie usuni\u0119ty. Masz prawo do wnioskowania o przedstawienie historii korespondencji, jak\u0105 z nami prowadzi\u0142a\u015b lub prowadzi\u0142e\u015b, jak r\u00f3wnie\u017c domaga\u0107 si\u0119 jej usuni\u0119cia, chyba \u017ce jej archiwizacja jest uzasadniona z uwagi na nasz nadrz\u0119dny interes, np. obrona przed potencjalnymi roszczeniami z Twojej strony.<\/div>\n<\/li>\n<li style=\"text-align: justify;\">Komentarze &#8211; je\u017celi chcesz doda\u0107 komentarz na blogu, musisz wype\u0142ni\u0107 formularz i poda\u0107 w nim sw\u00f3j adres e-mail oraz imi\u0119. Dodatkowo mo\u017cesz poda\u0107 adres Twojej strony internetowej, je\u015bli np. chcesz promowa\u0107 swoj\u0105 stron\u0119. Podanie danych jest dobrowolne, ale niezb\u0119dne, by doda\u0107 komentarz. Dane przekazane podczas dodawania komentarza wykorzystywane s\u0105 w celu opublikowania komentarza na blog, a podstaw\u0105 prawn\u0105 ich przetwarzania jest Twoja zgoda wynikaj\u0105ca z dodania komentarza. Dane b\u0119d\u0105 przetwarzane przez czas funkcjonowania komentarzy na blogu, chyba \u017ce wcze\u015bniej poprosisz o usuni\u0119cie komentarza, co spowoduje usuni\u0119cie Twoich danych z bazy. Zastrzegamy sobie prawo by nie opublikowa\u0107 komentarzy, kt\u00f3re uznamy za niew\u0142a\u015bciwe, ale nie spowoduje to usuni\u0119cia komentarza z bazy komentarzy, ze wzgl\u0119du na nasz nadrz\u0119dny interes, np. obron\u0119 przez potencjalnymi roszczeniami z Twojej strony. W ka\u017cdej chwili mo\u017cesz zmieni\u0107 swoje dane przypisane do komentarza lub wnioskowa\u0107 o ich usuni\u0119cie. Przys\u0142uguje Ci r\u00f3wnie\u017c prawo do przenoszenia danych.<\/li>\n<\/ul>\n<div class=\"par1 parsys\">\n<div class=\"richTextColumn section\">\n<div class=\"module richText \">\n<div class=\"wrapper\">\n<div class=\"wrapperInner\">\n<div class=\"richTextContent\">\n<div class=\"textMod text parbase section\">\n<h3 class=\"richTextType rttCopy\" style=\"text-align: justify;\">Czym s\u0105 pliki cookies?<\/h3>\n<\/div>\n<div class=\"richTextEmbedded\">\n<div class=\"textMod text parbase section\">\n<div class=\"richTextType rttCopy\">\n<p style=\"text-align: justify;\">Pliki cookies to niewielkie pliki danych przechowywane w pami\u0119ci urz\u0105dzenia u\u017cywanego przez Ciebie do przegl\u0105dania stron lub aplikacji internetowych.<\/p>\n<p style=\"text-align: justify;\">Pliki cookies mog\u0105 m.in.:<\/p>\n<ul>\n<li style=\"text-align: justify;\"><b>przechowywa\u0107 informacje o odwiedzonych przez Ciebie<\/b> <b>stronach internetowych<\/b><\/li>\n<li style=\"text-align: justify;\"><b>przechowywa\u0107 wybrane przez Ciebie ustawienia<\/b><\/li>\n<\/ul>\n<\/div>\n<\/div>\n<div class=\"textMod text parbase section\">\n<div class=\"richTextType rttCopy\">\n<h3>Do czego u\u017cywamy plik\u00f3w cookies na stronie NaszeRelacje.pl?<\/h3>\n<p style=\"text-align: justify;\">Pliki cookie umo\u017cliwiaj\u0105 mi:<\/p>\n<ul style=\"text-align: justify;\">\n<li>uruchomienie funkcjonalno\u015bci pozwalaj\u0105cej Ci zapisanie na newsletter<\/li>\n<li>uruchomienie funkcjonalno\u015bci pozwalaj\u0105cej Ci podzielenie si\u0119 artyku\u0142em z bloga w serwisach spo\u0142eczno\u015bciowych<\/li>\n<li>monitorowanie ruchu na stronie &#8211; sprawdzanie kt\u00f3re artyku\u0142y ciesz\u0105 si\u0119 wi\u0119ksz\u0105 popularno\u015bci\u0105, a kt\u00f3re mniejsz\u0105, sprawdzanie czasu przebywania na stronie artyku\u0142u<\/li>\n<\/ul>\n<\/div>\n<p style=\"text-align: justify;\">Podczas pierwszej wizyty na stronie wy\u015bwietlana jest informacja na temat stosowania plik\u00f3w cookies. Ponadto, zawsze mo\u017cesz zmieni\u0107 ustawienia cookies z poziomu swojej przegl\u0105darki albo w og\u00f3le usun\u0105\u0107 pliki cookies.<\/p>\n<p style=\"text-align: justify;\">Obecnie nie wykorzystuj\u0119 tzw. cookies w\u0142asnych. Wykorzystuj\u0119 natomiast pliki cookies pochodz\u0105ce od podmiot\u00f3w trzecich, w celu uruchomienia funkcjonalno\u015bci zapewnianych przez podmioty trzecie.<\/p>\n<\/div>\n<div class=\"textMod text parbase section\">\n<div class=\"richTextType rttCopy\">\n<h3>Wykaz funkcjonalno\u015bci wykorzystuj\u0105cych pliki cookies<\/h3>\n<ul>\n<li style=\"text-align: justify;\">Google Analytics &#8211; funkcjonalno\u015b\u0107 dostarczana przez Google LLC, 1600 Amphitheatre Parkway, Mountain View, CA 94043, USA. U\u017cywam Google Analytics w celu tworzenia statystyk i analizie wizyt na stronie w celu optymalizacji tre\u015bci oraz funkcjonalno\u015bci mojej strony. Opieram si\u0119 w tym przypadku na moim prawnie uzasadnionym interesie.<\/li>\n<li style=\"text-align: justify;\">\n<div>Facebook Pixel &#8211; funkcjonalno\u015b\u0107 dostarczana przez Facebook Inc., 1601 S. California Ave. Palo Alto, CA 94304, USA. U\u017cywam Facebook Pixel w celu analizy i usprawniania skuteczno\u015bci reklam w serwisie Facebook. Opieram si\u0119 w tym przypadku na moim prawnie uzasadnionym celu do promowania produkt\u00f3w i us\u0142ug.<\/div>\n<\/li>\n<li style=\"text-align: justify;\">Pliki cookies typu spo\u0142eczno\u015bciowego &#8211; umo\u017cliwiaj\u0105 Ci dzielenie si\u0119 informacjami (artyku\u0142ami) z mojej strony internetowej, poprzez funkcje udost\u0119pniania w ramach sieci spo\u0142eczno\u015bciowych (np. Facebook, Twitter) zbudowanych wok\u00f3\u0142 portali spo\u0142eczno\u015bciowych lub przycisku \u201eLubi\u0119 to\u201d, a tak\u017ce po powi\u0105zaniu konta na portalu spo\u0142eczno\u015bciowym z moj\u0105 stron\u0105 lub korzystania z tre\u015bci zamieszczanych przeze mnie na stronach serwis\u00f3w spo\u0142eczno\u015bciowych. Pami\u0119taj, \u017ce sie\u0107 spo\u0142eczno\u015bciowa rejestruje tego rodzaju dzia\u0142ania, ale ja nie mam na to wp\u0142ywu. Opieram si\u0119 w tym przypadku na moim prawnie uzasadnionym celu do promowania produkt\u00f3w i us\u0142ug.<\/li>\n<\/ul>\n<h3>Logi serwera<\/h3>\n<p style=\"text-align: justify;\">Korzystanie z\u00a0 mojej strony wi\u0105\u017ce si\u0119 z przesy\u0142aniem zapyta\u0144 z Twojego urz\u0105dzenia do serwera, na kt\u00f3rym przechowywana jest nasza strona. Ka\u017cde zapytanie skierowane do serwera zapisywane jest w logach serwera. Logi obejmuj\u0105 m.in. Tw\u00f3j adres IP, dat\u0119 oraz czas po\u0142\u0105czenia, informacje o przegl\u0105darce internetowej i systemie operacyjnym urz\u0105dzania, z kt\u00f3rego korzystasz. Logi zapisywane i przechowywane s\u0105 na serwerze. Dane zapisane w logach serwera nie s\u0105 wykorzystywane w celu Twojej identyfikacji, lecz do administrowania stron\u0105. Zawarto\u015b\u0107 log\u00f3w nie jest ujawniana nikomu poza osobami upowa\u017cnionymi do administrowania serwerem.<\/p>\n<\/div>\n<\/div>\n<\/div>\n<\/div>\n<\/div>\n<\/div>\n<\/div>\n<\/div>\n<\/div>\n                <div class=\"ml-embedded\" data-form=\"aU5s8M\"><\/div>\n            \n","protected":false},"excerpt":{"rendered":"<p>Niniejszy dokument okre\u015bla sposoby, w jakie: przetwarzam Twoje dane osobowe u\u017cywam plik\u00f3w cookies w zwi\u0105zku z korzystaniem przez Ciebie ze [&hellip;]<\/p>\n","protected":false},"author":1,"featured_media":0,"parent":0,"menu_order":0,"comment_status":"closed","ping_status":"closed","template":"","meta":{"site-sidebar-layout":"default","site-content-layout":"","ast-site-content-layout":"default","site-content-style":"default","site-sidebar-style":"default","ast-global-header-display":"","ast-banner-title-visibility":"","ast-main-header-display":"","ast-hfb-above-header-display":"","ast-hfb-below-header-display":"","ast-hfb-mobile-header-display":"","site-post-title":"","ast-breadcrumbs-content":"","ast-featured-img":"","footer-sml-layout":"","theme-transparent-header-meta":"","adv-header-id-meta":"","stick-header-meta":"","header-above-stick-meta":"","header-main-stick-meta":"","header-below-stick-meta":"","astra-migrate-meta-layouts":"default","ast-page-background-enabled":"default","ast-page-background-meta":{"desktop":{"background-color":"var(--ast-global-color-4)","background-image":"","background-repeat":"repeat","background-position":"center center","background-size":"auto","background-attachment":"scroll","background-type":"","background-media":"","overlay-type":"","overlay-color":"","overlay-opacity":"","overlay-gradient":""},"tablet":{"background-color":"","background-image":"","background-repeat":"repeat","background-position":"center center","background-size":"auto","background-attachment":"scroll","background-type":"","background-media":"","overlay-type":"","overlay-color":"","overlay-opacity":"","overlay-gradient":""},"mobile":{"background-color":"","background-image":"","background-repeat":"repeat","background-position":"center center","background-size":"auto","background-attachment":"scroll","background-type":"","background-media":"","overlay-type":"","overlay-color":"","overlay-opacity":"","overlay-gradient":""}},"ast-content-background-meta":{"desktop":{"background-color":"var(--ast-global-color-5)","background-image":"","background-repeat":"repeat","background-position":"center center","background-size":"auto","background-attachment":"scroll","background-type":"","background-media":"","overlay-type":"","overlay-color":"","overlay-opacity":"","overlay-gradient":""},"tablet":{"background-color":"var(--ast-global-color-5)","background-image":"","background-repeat":"repeat","background-position":"center center","background-size":"auto","background-attachment":"scroll","background-type":"","background-media":"","overlay-type":"","overlay-color":"","overlay-opacity":"","overlay-gradient":""},"mobile":{"background-color":"var(--ast-global-color-5)","background-image":"","background-repeat":"repeat","background-position":"center center","background-size":"auto","background-attachment":"scroll","background-type":"","background-media":"","overlay-type":"","overlay-color":"","overlay-opacity":"","overlay-gradient":""}},"footnotes":"","_links_to":"","_links_to_target":""},"class_list":["post-403","page","type-page","status-publish","hentry"],"yoast_head":"<!-- This site is optimized with the Yoast SEO plugin v27.4 - https:\/\/yoast.com\/product\/yoast-seo-wordpress\/ -->\n<title>Polityka prywatno\u015bci i plik\u00f3w cookies - Psychoterapia Gestalt Piaseczno &quot;Nasze Relacje&quot;<\/title>\n<meta name=\"robots\" content=\"index, follow, max-snippet:-1, max-image-preview:large, max-video-preview:-1\" \/>\n<link rel=\"canonical\" href=\"https:\/\/naszerelacje.pl\/index.php\/polityka-prywatnosci-i-plikow-cookies\/\" \/>\n<meta property=\"og:locale\" content=\"pl_PL\" \/>\n<meta property=\"og:type\" content=\"article\" \/>\n<meta property=\"og:title\" content=\"Polityka prywatno\u015bci i plik\u00f3w cookies - Psychoterapia Gestalt Piaseczno &quot;Nasze Relacje&quot;\" \/>\n<meta property=\"og:description\" content=\"Niniejszy dokument okre\u015bla sposoby, w jakie: przetwarzam Twoje dane osobowe u\u017cywam plik\u00f3w cookies w zwi\u0105zku z korzystaniem przez Ciebie ze [&hellip;]\" \/>\n<meta property=\"og:url\" content=\"https:\/\/naszerelacje.pl\/index.php\/polityka-prywatnosci-i-plikow-cookies\/\" \/>\n<meta property=\"og:site_name\" content=\"Psychoterapia Gestalt Piaseczno &quot;Nasze Relacje&quot;\" \/>\n<meta property=\"article:modified_time\" content=\"2023-05-20T09:28:13+00:00\" \/>\n<meta name=\"twitter:card\" content=\"summary_large_image\" \/>\n<meta name=\"twitter:label1\" content=\"Szacowany czas czytania\" \/>\n\t<meta name=\"twitter:data1\" content=\"5 minut\" \/>\n<script type=\"application\/ld+json\" class=\"yoast-schema-graph\">{\"@context\":\"https:\\\/\\\/schema.org\",\"@graph\":[{\"@type\":\"WebPage\",\"@id\":\"https:\\\/\\\/naszerelacje.pl\\\/index.php\\\/polityka-prywatnosci-i-plikow-cookies\\\/\",\"url\":\"https:\\\/\\\/naszerelacje.pl\\\/index.php\\\/polityka-prywatnosci-i-plikow-cookies\\\/\",\"name\":\"Polityka prywatno\u015bci i plik\u00f3w cookies - Psychoterapia Gestalt Piaseczno &quot;Nasze Relacje&quot;\",\"isPartOf\":{\"@id\":\"https:\\\/\\\/naszerelacje.pl\\\/#website\"},\"datePublished\":\"2019-07-20T15:55:45+00:00\",\"dateModified\":\"2023-05-20T09:28:13+00:00\",\"breadcrumb\":{\"@id\":\"https:\\\/\\\/naszerelacje.pl\\\/index.php\\\/polityka-prywatnosci-i-plikow-cookies\\\/#breadcrumb\"},\"inLanguage\":\"pl-PL\",\"potentialAction\":[{\"@type\":\"ReadAction\",\"target\":[\"https:\\\/\\\/naszerelacje.pl\\\/index.php\\\/polityka-prywatnosci-i-plikow-cookies\\\/\"]}]},{\"@type\":\"BreadcrumbList\",\"@id\":\"https:\\\/\\\/naszerelacje.pl\\\/index.php\\\/polityka-prywatnosci-i-plikow-cookies\\\/#breadcrumb\",\"itemListElement\":[{\"@type\":\"ListItem\",\"position\":1,\"name\":\"Strona g\u0142\u00f3wna\",\"item\":\"https:\\\/\\\/naszerelacje.pl\\\/\"},{\"@type\":\"ListItem\",\"position\":2,\"name\":\"Polityka prywatno\u015bci i plik\u00f3w cookies\"}]},{\"@type\":\"WebSite\",\"@id\":\"https:\\\/\\\/naszerelacje.pl\\\/#website\",\"url\":\"https:\\\/\\\/naszerelacje.pl\\\/\",\"name\":\"Psychoterapia Gestalt Piaseczno &quot;Nasze Relacje&quot;\",\"description\":\"Psychoterapia Piaseczno - prowadzona w podej\u015bciu Gestalt - w Piasecznie i online\",\"publisher\":{\"@id\":\"https:\\\/\\\/naszerelacje.pl\\\/#\\\/schema\\\/person\\\/fc787e4f854cea7a1ee70801cedef96c\"},\"potentialAction\":[{\"@type\":\"SearchAction\",\"target\":{\"@type\":\"EntryPoint\",\"urlTemplate\":\"https:\\\/\\\/naszerelacje.pl\\\/?s={search_term_string}\"},\"query-input\":{\"@type\":\"PropertyValueSpecification\",\"valueRequired\":true,\"valueName\":\"search_term_string\"}}],\"inLanguage\":\"pl-PL\"},{\"@type\":[\"Person\",\"Organization\"],\"@id\":\"https:\\\/\\\/naszerelacje.pl\\\/#\\\/schema\\\/person\\\/fc787e4f854cea7a1ee70801cedef96c\",\"name\":\"Rafa\u0142 Stolarek\",\"image\":{\"@type\":\"ImageObject\",\"inLanguage\":\"pl-PL\",\"@id\":\"https:\\\/\\\/naszerelacje.pl\\\/wp-content\\\/uploads\\\/2018\\\/07\\\/MailerLiteEdited.jpeg\",\"url\":\"https:\\\/\\\/naszerelacje.pl\\\/wp-content\\\/uploads\\\/2018\\\/07\\\/MailerLiteEdited.jpeg\",\"contentUrl\":\"https:\\\/\\\/naszerelacje.pl\\\/wp-content\\\/uploads\\\/2018\\\/07\\\/MailerLiteEdited.jpeg\",\"width\":703,\"height\":800,\"caption\":\"Rafa\u0142 Stolarek\"},\"logo\":{\"@id\":\"https:\\\/\\\/naszerelacje.pl\\\/wp-content\\\/uploads\\\/2018\\\/07\\\/MailerLiteEdited.jpeg\"},\"sameAs\":[\"http:\\\/\\\/naszerelacje.pl\"]}]}<\/script>\n<!-- \/ Yoast SEO plugin. -->","yoast_head_json":{"title":"Polityka prywatno\u015bci i plik\u00f3w cookies - Psychoterapia Gestalt Piaseczno &quot;Nasze Relacje&quot;","robots":{"index":"index","follow":"follow","max-snippet":"max-snippet:-1","max-image-preview":"max-image-preview:large","max-video-preview":"max-video-preview:-1"},"canonical":"https:\/\/naszerelacje.pl\/index.php\/polityka-prywatnosci-i-plikow-cookies\/","og_locale":"pl_PL","og_type":"article","og_title":"Polityka prywatno\u015bci i plik\u00f3w cookies - Psychoterapia Gestalt Piaseczno &quot;Nasze Relacje&quot;","og_description":"Niniejszy dokument okre\u015bla sposoby, w jakie: przetwarzam Twoje dane osobowe u\u017cywam plik\u00f3w cookies w zwi\u0105zku z korzystaniem przez Ciebie ze [&hellip;]","og_url":"https:\/\/naszerelacje.pl\/index.php\/polityka-prywatnosci-i-plikow-cookies\/","og_site_name":"Psychoterapia Gestalt Piaseczno &quot;Nasze Relacje&quot;","article_modified_time":"2023-05-20T09:28:13+00:00","twitter_card":"summary_large_image","twitter_misc":{"Szacowany czas czytania":"5 minut"},"schema":{"@context":"https:\/\/schema.org","@graph":[{"@type":"WebPage","@id":"https:\/\/naszerelacje.pl\/index.php\/polityka-prywatnosci-i-plikow-cookies\/","url":"https:\/\/naszerelacje.pl\/index.php\/polityka-prywatnosci-i-plikow-cookies\/","name":"Polityka prywatno\u015bci i plik\u00f3w cookies - Psychoterapia Gestalt Piaseczno &quot;Nasze Relacje&quot;","isPartOf":{"@id":"https:\/\/naszerelacje.pl\/#website"},"datePublished":"2019-07-20T15:55:45+00:00","dateModified":"2023-05-20T09:28:13+00:00","breadcrumb":{"@id":"https:\/\/naszerelacje.pl\/index.php\/polityka-prywatnosci-i-plikow-cookies\/#breadcrumb"},"inLanguage":"pl-PL","potentialAction":[{"@type":"ReadAction","target":["https:\/\/naszerelacje.pl\/index.php\/polityka-prywatnosci-i-plikow-cookies\/"]}]},{"@type":"BreadcrumbList","@id":"https:\/\/naszerelacje.pl\/index.php\/polityka-prywatnosci-i-plikow-cookies\/#breadcrumb","itemListElement":[{"@type":"ListItem","position":1,"name":"Strona g\u0142\u00f3wna","item":"https:\/\/naszerelacje.pl\/"},{"@type":"ListItem","position":2,"name":"Polityka prywatno\u015bci i plik\u00f3w cookies"}]},{"@type":"WebSite","@id":"https:\/\/naszerelacje.pl\/#website","url":"https:\/\/naszerelacje.pl\/","name":"Psychoterapia Gestalt Piaseczno &quot;Nasze Relacje&quot;","description":"Psychoterapia Piaseczno - prowadzona w podej\u015bciu Gestalt - w Piasecznie i online","publisher":{"@id":"https:\/\/naszerelacje.pl\/#\/schema\/person\/fc787e4f854cea7a1ee70801cedef96c"},"potentialAction":[{"@type":"SearchAction","target":{"@type":"EntryPoint","urlTemplate":"https:\/\/naszerelacje.pl\/?s={search_term_string}"},"query-input":{"@type":"PropertyValueSpecification","valueRequired":true,"valueName":"search_term_string"}}],"inLanguage":"pl-PL"},{"@type":["Person","Organization"],"@id":"https:\/\/naszerelacje.pl\/#\/schema\/person\/fc787e4f854cea7a1ee70801cedef96c","name":"Rafa\u0142 Stolarek","image":{"@type":"ImageObject","inLanguage":"pl-PL","@id":"https:\/\/naszerelacje.pl\/wp-content\/uploads\/2018\/07\/MailerLiteEdited.jpeg","url":"https:\/\/naszerelacje.pl\/wp-content\/uploads\/2018\/07\/MailerLiteEdited.jpeg","contentUrl":"https:\/\/naszerelacje.pl\/wp-content\/uploads\/2018\/07\/MailerLiteEdited.jpeg","width":703,"height":800,"caption":"Rafa\u0142 Stolarek"},"logo":{"@id":"https:\/\/naszerelacje.pl\/wp-content\/uploads\/2018\/07\/MailerLiteEdited.jpeg"},"sameAs":["http:\/\/naszerelacje.pl"]}]}},"_links":{"self":[{"href":"https:\/\/naszerelacje.pl\/index.php\/wp-json\/wp\/v2\/pages\/403","targetHints":{"allow":["GET"]}}],"collection":[{"href":"https:\/\/naszerelacje.pl\/index.php\/wp-json\/wp\/v2\/pages"}],"about":[{"href":"https:\/\/naszerelacje.pl\/index.php\/wp-json\/wp\/v2\/types\/page"}],"author":[{"embeddable":true,"href":"https:\/\/naszerelacje.pl\/index.php\/wp-json\/wp\/v2\/users\/1"}],"replies":[{"embeddable":true,"href":"https:\/\/naszerelacje.pl\/index.php\/wp-json\/wp\/v2\/comments?post=403"}],"version-history":[{"count":18,"href":"https:\/\/naszerelacje.pl\/index.php\/wp-json\/wp\/v2\/pages\/403\/revisions"}],"predecessor-version":[{"id":2857,"href":"https:\/\/naszerelacje.pl\/index.php\/wp-json\/wp\/v2\/pages\/403\/revisions\/2857"}],"wp:attachment":[{"href":"https:\/\/naszerelacje.pl\/index.php\/wp-json\/wp\/v2\/media?parent=403"}],"curies":[{"name":"wp","href":"https:\/\/api.w.org\/{rel}","templated":true}]}}